e
Is (-85)/34 + 2 + 174579/2 a composite number?
True
Let i(s) = -4*s - 4*s + 2*s**2 + 2*s - 3*s**2 + 11. Let a be i(-7). Suppose -a*y = -561 + 89. Is y prime?
False
Suppose 5*p = 4*p. Let a(z) = -94 - z**2 - 10*z + 140 + 11*z + 191. Is a(p) a composite number?
True
Let n(g) be the first derivative of -50*g**4 + g - 1. Suppose 0 = -7*d + 24*d + 17. Is n(d) a prime number?
False
Suppose 22303 = -8*d + 181031. Is d a composite number?
False
Suppose 3*b = -3*b - 1578. Let u = 909 - b. Suppose u = c + 3*c. Is c composite?
False
Let t be 14/49 - (-2)/(-7)*1. Suppose -3*n - 2*r - 3*r + 1177 = t, 0 = 2*n + 4*r - 786. Is n prime?
True
Suppose -15*n + 14*n = -317. Is n a composite number?
False
Let i(s) = s**2 + 20*s + 24. Let w be i(-19). Is (w - 6)*(-294 - -1) a composite number?
False
Suppose 63612 - 8039 = 7*m. Is m prime?
False
Let p = 19 - 15. Suppose 2*h - 7*h + p*z = -2091, -2*h - 5*z = -843. Is h prime?
True
Let g(s) = -s**3 + 10*s**2 - 9*s + 4. Suppose -4*i = 5*r - 4*r - 36, 0 = 5*i + 3*r - 45. Let c be g(i). Suppose -2*d + c*d - 114 = 0. Is d composite?
True
Let m = 469 + -2. Is m a composite number?
False
Suppose -1 + 7 = -2*v. Let x be (-165 - v)*(-1 + -2). Suppose 2*i = x + 184. Is i a prime number?
False
Let r = 12604 - 6765. Is r a prime number?
True
Suppose -p - 15*x + 10*x + 10021 = 0, -3*p - 4*x + 30085 = 0. Is p composite?
True
Suppose 28*b - 14780 = 8*b. Is b a prime number?
True
Let g = -1850 + 4387. Is g a composite number?
True
Let r(k) = -63*k**2 + k + 9. Let v(y) = 315*y**2 - 4*y - 45. Let m(t) = 11*r(t) + 2*v(t). Let s be m(-4). Is (2/(-1))/(6/s) composite?
False
Is 27/(-18)*-35765 + (-1)/2 composite?
True
Let j(q) = q**3 - 5*q**2 + 8*q - 14. Let a be j(4). Suppose -3*t + 5*i - 7*i + 6543 = 0, -a*i - 6543 = -3*t. Is t composite?
True
Let n(d) = -d + 7. Suppose -2*k = 4*g - k - 35, 2*g - 3*k = 7. Let a be n(g). Is (138/24)/(a/(-4)) a prime number?
True
Let t(x) be the third derivative of -x**6/120 + 7*x**5/30 + 11*x**4/24 + 25*x**3/6 - 13*x**2. Is t(12) a composite number?
True
Suppose p = -t - 3, 2*p = 4*t + 18 - 0. Let a be 3132/4 + 3*p. Suppose -a = -3*v + 5*o, 598 = 2*v + 3*o + 74. Is v a prime number?
False
Suppose 40*z - 1976986 = 51294. Is z prime?
True
Let z be 222 - (2 + 2) - 4. Let i = z - 131. Is i prime?
True
Suppose 0 = -31*o - 5*o + 958572. Is o a composite number?
False
Let l(n) = 12*n**2 - 16*n - 20. Let j be l(-5). Let s = j + 47. Is s a composite number?
True
Let f(l) = -l**3 + 10*l**2 + 11*l + 6. Let p be f(11). Is 2/p*(2720 + 1) composite?
False
Suppose 10*i - 3*i - 5418 = 0. Suppose -3*p - 3*q + 0*q + i = 0, 5*q + 5 = 0. Is p a composite number?
True
Suppose 5*w = 7263 + 6952. Is w a prime number?
True
Suppose 2*k - 3 - 1 = 0, -2*a = 2*k - 350. Let c = 368 + a. Is c composite?
False
Is 47/658 + 190245/14 a composite number?
True
Let r = 6339 + 18952. Is r composite?
True
Suppose 0 = 2*l - 10*l + 278288. Is l prime?
False
Let b be (-81903)/(-15) - 3/15. Suppose -3*r + 1179 = -2*a - 2102, -5*a - b = -5*r. Is r composite?
False
Suppose -i - 8 = -y, 2*y + 4*i + 17 = y. Suppose 2*p - 2001 = -5*q - 243, y*p - 5*q = 2687. Is p prime?
False
Let w = 71 + -46. Let q = w + 86. Is q a prime number?
False
Suppose -3*y - 7 = q, -5*q = y - 4*y - 1. Is q/(13808/4604 + -3) prime?
True
Suppose -i - 20 = -24. Suppose 915 = r + i*q, -8*q + 4558 = 5*r - 5*q. Is r a composite number?
False
Is ((-38)/190)/(1/(-9505)) composite?
False
Let s(l) = 6*l**3 - 3*l**2 - 2*l - 2. Let q = 26 + -12. Suppose 4*g + 2 = q. Is s(g) a prime number?
True
Let m be (-259)/(-49) + 2/(-7). Let x = m + -5. Suppose x = -0*u + 4*u - 212. Is u a composite number?
False
Suppose 0 = 13*g - 7*g - 13170. Suppose 8*p - g = 3*p. Is p composite?
False
Suppose -2*l - 9367 = -g + 2*l, 0 = 5*g - 4*l - 46755. Is g a prime number?
False
Suppose 3*u - 2*w - 45451 = 0, 15*u + 2*w - 75741 = 10*u. Is u composite?
False
Suppose 4*c - 20 = -c. Is -2 + 2 - c - -518 composite?
True
Is (-18)/(-6) - (-5 + -86)*26 a prime number?
False
Let g = -12 - 0. Is (-42)/(-8)*((-20)/g + 1) a prime number?
False
Let p = -214 + 467. Is p a composite number?
True
Is (-13256)/6*(-69)/92 a composite number?
False
Suppose 0 = 2*x + 53 + 111. Let v = 375 + x. Is v prime?
True
Is 2898 - (-16)/(-24)*(-3)/2 prime?
False
Let t be (-11)/22 - 2/4. Is (0/t + 2)*(-33999)/(-42) composite?
False
Let l(p) be the first derivative of 197*p**6/180 + p**5/60 + p**4/24 - 8*p**3/3 - 10. Let g(z) be the third derivative of l(z). Is g(-1) prime?
False
Suppose -88 = -3*h - 2*z, 3*z - 2 = -3*h + 91. Is -1055*((-20)/(-130) - 30/h) a composite number?
True
Let b be (-5 - (-3 + -1)) + 8. Suppose -b*l = 2*l - 2007. Is l prime?
True
Suppose -m - 20 = -5*m. Suppose -m*f + 5*s = -2315, 0 = -f - 5*s - 261 + 730. Suppose -4*l + 2*l = 2*x - f, -3*l - x = -706. Is l a composite number?
True
Suppose 4*p + 24 = 8*p. Suppose n = -p*n + 273. Is n a composite number?
True
Let s(l) = 13*l + 9. Let x(y) = 3*y + 2. Let i(d) = -2*s(d) + 9*x(d). Let z(p) = 15*p + 3. Let b(u) = -15*i(u) - 3*z(u). Is b(-10) a prime number?
False
Let o = -1513 + 9168. Is o a prime number?
False
Let h = 147780 - 63731. Is h a composite number?
True
Suppose 3*n - 2*n = 10. Suppose -n*d - 4590 = -4*d. Let r = d - -1562. Is r a prime number?
True
Suppose -6*q = -18 + 12. Is -1 - q - (-810 + 17) a composite number?
True
Let y(i) = -312*i + 12. Let n(r) = 125*r - 5. Let h(l) = -12*n(l) - 5*y(l). Let s be h(2). Let j = -85 + s. Is j a prime number?
False
Suppose -4*z - z - 62 = t, 0 = -5*z - 3*t - 66. Let j(i) = -i**3 - 4*i**2 - i + 7. Is j(z) a prime number?
True
Is 8611/4 + (-3)/(-12) a composite number?
False
Let j(v) = 3*v**3 + 2*v**2 + 2. Let z be j(-2). Let a = z + 16. Suppose 3*m = -a*u + 567, 371 = m + m - u. Is m prime?
False
Let f = -21 + 14. Let l(i) = -i**2 - 7*i + 10. Let y be l(f). Suppose -2*g + y = -36. Is g a prime number?
True
Is (-3)/7 - 59398*(-2)/14 a composite number?
True
Suppose 0 = -7*o + 12*o. Suppose o*k = -5*k + 7535. Is k prime?
False
Suppose 0 = -78*g + 24*g + 2532438. Is g a composite number?
True
Let z be 18028/12 - (-4)/6. Suppose z = -5*i - 877. Is (i/(-6))/((-20)/(-30)) prime?
False
Let g be (-573 - -1)*(-12)/8. Suppose -322 = 8*c - g. Is c prime?
True
Let j = 16 - 14. Suppose j*g = -0*g + 106. Let f = g + -18. Is f a composite number?
True
Suppose -p + 15 = 2*p, a = 4*p - 15. Suppose -6 = 2*z - a*z. Is (-53*z/2)/(-1) a composite number?
False
Let s(k) = -141*k + 16. Suppose 5*c - 4*c - 64 = 4*u, -4*u = 4*c + 84. Is s(u) composite?
True
Suppose 7*u = 720 + 365. Suppose x = -u + 676. Is x a composite number?
False
Let p(g) = 2*g**3 + 18*g**2 + 10*g + 41. Let c(a) = a**3 + 9*a**2 + 5*a + 21. Let o(y) = -5*c(y) + 2*p(y). Is o(-10) prime?
True
Let w = -1877 - -3042. Is w prime?
False
Let x(h) = h - 2. Let z be x(5). Let i be 0*z/(-6) - 38. Is 0 + -2 - (i + 1) prime?
False
Is -15783*6/(1 - 19) a composite number?
False
Suppose 4*v + b - 8387 - 17020 = 0, 5*b + 12731 = 2*v. Is v a prime number?
True
Let d(j) = 8*j**2 + 3*j - 5. Let y be d(2). Let h = y + 232. Is h composite?
True
Let x = -57 - -58. Is (-2 + x)/(-1 + 2) + 368 a prime number?
True
Suppose 440 = 2*m - 1742. Suppose -2262 - m = -7*v. Is v prime?
True
Let i(u) = 2572*u**2 + 8*u - 1. Is i(1) a prime number?
True
Suppose 3*u - 3361 = -z + 2*u, -16793 = -5*z + u. Is z a composite number?
False
Is -4*(-4)/(-16)*-9791 a prime number?
True
Suppose 0*j - 494 = -3*j + v, 5*v = 4*j - 655. Let w = 310 - j. Is w a composite number?
True
Let m be 4/18 + (-5866)/(-9). Suppose 6*s + 2*s + 1336 = 0. Let b = s + m. Is b composite?
True
Suppose f - 5*u - 11 = -2, -3*u = f - 1. Suppose 2*n - f*n + 4 = 0. Suppose -3*y = -4*o - 1122 - 2965, 3*y + n*o = 4081. Is y composite?
False
Is 98 - (-2)/12*-6 prime?
True
Suppose -2*g - 2*o - 2*o = -4974, -3*o - 7443 = -3*g. Suppose 5*i - 12349 - 154 = 3*h, 0 = -i + 5*h + g. Is i a composite number?
False
Let w be 4/(2/(0 + 10)). Let y be ((-15)/w)/((-3)/(-48)). Is (y/9)/((-4)/78) a prime number?
False
Let n = 5092 + -11684. Let k = -4643 - n. Is k composite?
False
Is 1087/(5/(-20)*-4) prime?
True
Suppose 7*t - 4*t = -4*h + 28707, -5*h + 19138 = 2*t. Is t a composite number?
True
Let m = -36 + 66. Suppose 5*s = 2*y - 10, 4*y - 2*s - 3*s = m. Is y